{"id":58,"date":"2014-04-24T14:46:12","date_gmt":"2014-04-24T14:46:12","guid":{"rendered":"http:\/\/www.standnitrocar.com\/standnitrocar\/?page_id=58"},"modified":"2023-01-17T23:29:24","modified_gmt":"2023-01-17T22:29:24","slug":"empresa","status":"publish","type":"page","link":"https:\/\/www.standnitrocar.com\/stand\/empresa\/","title":{"rendered":"Empresa"},"content":{"rendered":"<p style=\"text-align: left;\"><div id=\"metaslider-id-18864\" style=\"max-width: 600px; margin: 0 auto;\" class=\"ml-slider-3-106-0 metaslider metaslider-coin metaslider-18864 ml-slider has-dots-nav ms-theme-default\" role=\"region\" aria-label=\"Empresa\" data-height=\"450\" data-width=\"600\">\n    <div id=\"metaslider_container_18864\">\n        <div id='metaslider_18864' class='coin-slider'>\n<a href=\"javascript:void(0)\" target=\"_self\"><img data-recalc-dims=\"1\" loading=\"lazy\" decoding=\"async\" src=\"https:\/\/i0.wp.com\/www.standnitrocar.com\/stand\/wp-content\/uploads\/2018\/02\/DSC_0086.jpg?resize=600%2C450&#038;ssl=1\" height=\"450\" width=\"600\" alt=\"\" class=\"slider-18864 slide-18886 msDefaultImage\" title=\"DSC_0086\" style=\"display: none;\" \/><\/a>\n<a href=\"javascript:void(0)\" target=\"_self\"><img data-recalc-dims=\"1\" loading=\"lazy\" decoding=\"async\" src=\"https:\/\/i0.wp.com\/www.standnitrocar.com\/stand\/wp-content\/uploads\/2019\/01\/empresa2019-6.jpg?resize=600%2C450&#038;ssl=1\" height=\"450\" width=\"600\" alt=\"\" class=\"slider-18864 slide-23578 msDefaultImage\" title=\"empresa2019 (6)\" style=\"display: none;\" \/><\/a>\n<a href=\"javascript:void(0)\" target=\"_self\"><img data-recalc-dims=\"1\" loading=\"lazy\" decoding=\"async\" src=\"https:\/\/i0.wp.com\/www.standnitrocar.com\/stand\/wp-content\/uploads\/2018\/02\/DSC_0172.jpg?resize=600%2C450&#038;ssl=1\" height=\"450\" width=\"600\" alt=\"\" class=\"slider-18864 slide-18890 msDefaultImage\" title=\"DSC_0172\" style=\"display: none;\" \/><\/a>\n<a href=\"javascript:void(0)\" target=\"_self\"><img data-recalc-dims=\"1\" loading=\"lazy\" decoding=\"async\" src=\"https:\/\/i0.wp.com\/www.standnitrocar.com\/stand\/wp-content\/uploads\/2018\/02\/DJI_0818.jpg?resize=600%2C450&#038;ssl=1\" height=\"450\" width=\"600\" alt=\"\" class=\"slider-18864 slide-18883 msDefaultImage\" title=\"DCIM100MEDIADJI_0818.JPG\" style=\"display: none;\" \/><\/a>\n<a href=\"javascript:void(0)\" target=\"_self\"><img data-recalc-dims=\"1\" loading=\"lazy\" decoding=\"async\" src=\"https:\/\/i0.wp.com\/www.standnitrocar.com\/stand\/wp-content\/uploads\/2019\/01\/empresa2019-8.jpg?resize=600%2C450&#038;ssl=1\" height=\"450\" width=\"600\" alt=\"\" class=\"slider-18864 slide-23580 msDefaultImage\" title=\"empresa2019 (8)\" style=\"display: none;\" \/><\/a>\n<a href=\"javascript:void(0)\" target=\"_self\"><img data-recalc-dims=\"1\" loading=\"lazy\" decoding=\"async\" src=\"https:\/\/i0.wp.com\/www.standnitrocar.com\/stand\/wp-content\/uploads\/2018\/02\/stand2.jpg?resize=600%2C450&#038;ssl=1\" height=\"450\" width=\"600\" alt=\"\" class=\"slider-18864 slide-18881 msDefaultImage\" title=\"stand2\" style=\"display: none;\" \/><\/a>\n<a href=\"javascript:void(0)\" target=\"_self\"><img data-recalc-dims=\"1\" loading=\"lazy\" decoding=\"async\" src=\"https:\/\/i0.wp.com\/www.standnitrocar.com\/stand\/wp-content\/uploads\/2019\/01\/empresa2019-3.jpg?resize=600%2C450&#038;ssl=1\" height=\"450\" width=\"600\" alt=\"\" class=\"slider-18864 slide-23575 msDefaultImage\" title=\"empresa2019 (3)\" style=\"display: none;\" \/><\/a>\n<a href=\"javascript:void(0)\" target=\"_self\"><img data-recalc-dims=\"1\" loading=\"lazy\" decoding=\"async\" src=\"https:\/\/i0.wp.com\/www.standnitrocar.com\/stand\/wp-content\/uploads\/2018\/02\/DSC_0105-2.jpg?resize=600%2C450&#038;ssl=1\" height=\"450\" width=\"600\" alt=\"\" class=\"slider-18864 slide-18888 msDefaultImage\" title=\"DSC_0105 (2)\" style=\"display: none;\" \/><\/a>\n<a href=\"javascript:void(0)\" target=\"_self\"><img data-recalc-dims=\"1\" loading=\"lazy\" decoding=\"async\" src=\"https:\/\/i0.wp.com\/www.standnitrocar.com\/stand\/wp-content\/uploads\/2018\/02\/DSC02239.jpg?resize=600%2C450&#038;ssl=1\" height=\"450\" width=\"600\" alt=\"\" class=\"slider-18864 slide-18891 msDefaultImage\" title=\"DSC02239\" style=\"display: none;\" \/><\/a>\n<a href=\"javascript:void(0)\" target=\"_self\"><img data-recalc-dims=\"1\" loading=\"lazy\" decoding=\"async\" src=\"https:\/\/i0.wp.com\/www.standnitrocar.com\/stand\/wp-content\/uploads\/2018\/02\/DSC_0077-2.jpg?resize=600%2C450&#038;ssl=1\" height=\"450\" width=\"600\" alt=\"\" class=\"slider-18864 slide-18885 msDefaultImage\" title=\"DSC_0077 (2)\" style=\"display: none;\" \/><\/a>\n<a href=\"javascript:void(0)\" target=\"_self\"><img data-recalc-dims=\"1\" loading=\"lazy\" decoding=\"async\" src=\"https:\/\/i0.wp.com\/www.standnitrocar.com\/stand\/wp-content\/uploads\/2019\/01\/empresa2019-4.jpg?resize=600%2C450&#038;ssl=1\" height=\"450\" width=\"600\" alt=\"\" class=\"slider-18864 slide-23576 msDefaultImage\" title=\"empresa2019 (4)\" style=\"display: none;\" \/><\/a>\n<a href=\"javascript:void(0)\" target=\"_self\"><img data-recalc-dims=\"1\" loading=\"lazy\" decoding=\"async\" src=\"https:\/\/i0.wp.com\/www.standnitrocar.com\/stand\/wp-content\/uploads\/2019\/01\/empresa2019-5.jpg?resize=600%2C450&#038;ssl=1\" height=\"450\" width=\"600\" alt=\"\" class=\"slider-18864 slide-23577 msDefaultImage\" title=\"empresa2019 (5)\" style=\"display: none;\" \/><\/a>\n<a href=\"javascript:void(0)\" target=\"_self\"><img data-recalc-dims=\"1\" loading=\"lazy\" decoding=\"async\" src=\"https:\/\/i0.wp.com\/www.standnitrocar.com\/stand\/wp-content\/uploads\/2018\/02\/DSC_0095-2.jpg?resize=600%2C450&#038;ssl=1\" height=\"450\" width=\"600\" alt=\"\" class=\"slider-18864 slide-18887 msDefaultImage\" title=\"DSC_0095 (2)\" style=\"display: none;\" \/><\/a>\n<a href=\"javascript:void(0)\" target=\"_self\"><img data-recalc-dims=\"1\" loading=\"lazy\" decoding=\"async\" src=\"https:\/\/i0.wp.com\/www.standnitrocar.com\/stand\/wp-content\/uploads\/2018\/02\/FERRARI_0007.jpg?resize=600%2C450&#038;ssl=1\" height=\"450\" width=\"600\" alt=\"\" class=\"slider-18864 slide-18892 msDefaultImage\" title=\"FERRARI_0007\" style=\"display: none;\" \/><\/a>\n<a href=\"javascript:void(0)\" target=\"_self\"><img data-recalc-dims=\"1\" loading=\"lazy\" decoding=\"async\" src=\"https:\/\/i0.wp.com\/www.standnitrocar.com\/stand\/wp-content\/uploads\/2018\/02\/site-1.jpg?resize=600%2C450&#038;ssl=1\" height=\"450\" width=\"600\" alt=\"\" class=\"slider-18864 slide-18894 msDefaultImage\" title=\"site 1\" style=\"display: none;\" \/><\/a>\n<a href=\"javascript:void(0)\" target=\"_self\"><img data-recalc-dims=\"1\" loading=\"lazy\" decoding=\"async\" src=\"https:\/\/i0.wp.com\/www.standnitrocar.com\/stand\/wp-content\/uploads\/2018\/02\/stand5.jpg?resize=600%2C450&#038;ssl=1\" height=\"450\" width=\"600\" alt=\"\" class=\"slider-18864 slide-18882 msDefaultImage\" title=\"stand5\" style=\"display: none;\" \/><\/a>\n<a href=\"javascript:void(0)\" target=\"_self\"><img data-recalc-dims=\"1\" loading=\"lazy\" decoding=\"async\" src=\"https:\/\/i0.wp.com\/www.standnitrocar.com\/stand\/wp-content\/uploads\/2019\/01\/empresa2019-1.jpg?resize=600%2C450&#038;ssl=1\" height=\"450\" width=\"600\" alt=\"\" class=\"slider-18864 slide-23573 msDefaultImage\" title=\"empresa2019 (1)\" style=\"display: none;\" \/><\/a>\n<a href=\"javascript:void(0)\" target=\"_self\"><img data-recalc-dims=\"1\" loading=\"lazy\" decoding=\"async\" src=\"https:\/\/i0.wp.com\/www.standnitrocar.com\/stand\/wp-content\/uploads\/2019\/01\/empresa2019-9.jpg?resize=600%2C450&#038;ssl=1\" height=\"450\" width=\"600\" alt=\"\" class=\"slider-18864 slide-23581 msDefaultImage\" title=\"empresa2019 (9)\" style=\"display: none;\" \/><\/a>\n<a href=\"javascript:void(0)\" target=\"_self\"><img data-recalc-dims=\"1\" loading=\"lazy\" decoding=\"async\" src=\"https:\/\/i0.wp.com\/www.standnitrocar.com\/stand\/wp-content\/uploads\/2018\/02\/st2.jpg?resize=600%2C450&#038;ssl=1\" height=\"450\" width=\"600\" alt=\"\" class=\"slider-18864 slide-18896 msDefaultImage\" title=\"st2\" style=\"display: none;\" \/><\/a>\n<a href=\"javascript:void(0)\" target=\"_self\"><img data-recalc-dims=\"1\" loading=\"lazy\" decoding=\"async\" src=\"https:\/\/i0.wp.com\/www.standnitrocar.com\/stand\/wp-content\/uploads\/2018\/02\/IMG_7283.jpg?resize=600%2C450&#038;ssl=1\" height=\"450\" width=\"600\" alt=\"\" class=\"slider-18864 slide-18893 msDefaultImage\" title=\"IMG_7283\" style=\"display: none;\" \/><\/a>\n<a href=\"javascript:void(0)\" target=\"_self\"><img data-recalc-dims=\"1\" loading=\"lazy\" decoding=\"async\" src=\"https:\/\/i0.wp.com\/www.standnitrocar.com\/stand\/wp-content\/uploads\/2018\/02\/st1.jpg?resize=600%2C450&#038;ssl=1\" height=\"450\" width=\"600\" alt=\"\" class=\"slider-18864 slide-18895 msDefaultImage\" title=\"st1\" style=\"display: none;\" \/><\/a>\n<a href=\"javascript:void(0)\" target=\"_self\"><img data-recalc-dims=\"1\" loading=\"lazy\" decoding=\"async\" src=\"https:\/\/i0.wp.com\/www.standnitrocar.com\/stand\/wp-content\/uploads\/2018\/02\/DSC_0134.jpg?resize=600%2C450&#038;ssl=1\" height=\"450\" width=\"600\" alt=\"\" class=\"slider-18864 slide-18889 msDefaultImage\" title=\"DSC_0134\" style=\"display: none;\" \/><\/a>\n<a href=\"javascript:void(0)\" target=\"_self\"><img data-recalc-dims=\"1\" loading=\"lazy\" decoding=\"async\" src=\"https:\/\/i0.wp.com\/www.standnitrocar.com\/stand\/wp-content\/uploads\/2019\/01\/empresa2019-2.jpg?resize=600%2C450&#038;ssl=1\" height=\"450\" width=\"600\" alt=\"\" class=\"slider-18864 slide-23574 msDefaultImage\" title=\"empresa2019 (2)\" style=\"display: none;\" \/><\/a>\n<a href=\"javascript:void(0)\" target=\"_self\"><img data-recalc-dims=\"1\" loading=\"lazy\" decoding=\"async\" src=\"https:\/\/i0.wp.com\/www.standnitrocar.com\/stand\/wp-content\/uploads\/2018\/02\/DSC_0042-2.jpg?resize=600%2C450&#038;ssl=1\" height=\"450\" width=\"600\" alt=\"\" class=\"slider-18864 slide-18884 msDefaultImage\" title=\"DSC_0042 (2)\" style=\"display: none;\" \/><\/a>\n<a href=\"javascript:void(0)\" target=\"_self\"><img data-recalc-dims=\"1\" loading=\"lazy\" decoding=\"async\" src=\"https:\/\/i0.wp.com\/www.standnitrocar.com\/stand\/wp-content\/uploads\/2019\/01\/empresa2019-7.jpg?resize=600%2C450&#038;ssl=1\" height=\"450\" width=\"600\" alt=\"\" class=\"slider-18864 slide-23579 msDefaultImage\" title=\"empresa2019 (7)\" style=\"display: none;\" \/><\/a>\n        <\/div>\n        \n    <\/div>\n<\/div><\/p>\n<p>O <strong>STAND NITROCAR<\/strong>, foi criado e \u00e9 gerido pelo empres\u00e1rio Jos\u00e9 Pinto, que iniciou a sua actividade em meados do ano 2000 numa pequena loja e oficina em Rio Me\u00e3o, tendo como principal gosto e objectivo a modifica\u00e7\u00e3o e personaliza\u00e7\u00e3o autom\u00f3vel, tendo a partir da\u00ed crescendo e alargado o seu volume de neg\u00f3cios passando por v\u00e1rios espa\u00e7os e localidades como Gondezende, Rio Me\u00e3o, Lourosa, e actualmente est\u00e1 sediado em S\u00e3o Jo\u00e3o de Ver na estrada nacional, vindo a aumentar consideravelmente e expandido os seus volumes de neg\u00f3cio.<\/p>\n<p>Atualmente sediados num espa\u00e7o com mais de 3.000m2 estrategicamente pensado e adaptado, onde tem mais de 1.000m2 quadrados de exposi\u00e7\u00e3o coberta, v\u00e1rios parques exteriores de exposi\u00e7\u00e3o e estacionamento e ainda oficinas pr\u00f3prias equipadas para todo o tipo de servi\u00e7os auto, onde se pode rapidamente constatar que, uma atrativa e bem estruturada disposi\u00e7\u00e3o das suas viaturas e servi\u00e7os s\u00e3o fatores fundamentais para o sucesso do seu neg\u00f3cio,<\/p>\n<p>O <strong>STAND NITROCAR <\/strong>\u00e9 uma empresa reconhecida e cred\u00edvel no mercado autom\u00f3vel, a qual se dedica \u00e0 comercializa\u00e7\u00e3o de todo o tipo de viaturas, bem como manuten\u00e7\u00e3o, repara\u00e7\u00e3o e personaliza\u00e7\u00e3o das mesmas. \u00c9 uma empresa independente na area financeira sendo intermedi\u00e1rio de cr\u00e9dito autorizado pelo banco de Portugal com o registo N\u00ba 385.<\/p>\n<p>Importante salientar que se trata de uma empresa que prima pela confian\u00e7a e credibilidade dos seus produtos\/servi\u00e7os, perante aqueles que s\u00e3o os principais respons\u00e1veis pelo seu sucesso: os clientes.<\/p>\n<p style=\"text-align: center;\"><b><i>EMPRESA DISTINTA PELAS DIFERENTES VIATURAS \u00daNICAS E EXCLUSIVAS,<br \/>\nPERSONALIZADAS E PREPARADAS\u00a0PELA MESMA\u2026<\/i><\/b><\/p>\n<p>O\u00a0<strong>Stand Nitrocar<\/strong>\u00a0disp\u00f5e ainda de:<\/p>\n<p>\u2013 Um\u00a0consider\u00e1vel e variado\u00a0stock de viaturas;<\/p>\n<p>\u2013\u00a0Departamento financeiro que\u00a0possibilita e\u00a0auxilia\u00a0na obten\u00e7\u00e3o de cr\u00e9ditos (at\u00e9 120 meses);<\/p>\n<p>\u2013\u00a0Departamento de\u00a0seguros, homologa\u00e7\u00f5es e tratamento de todas as documenta\u00e7\u00f5es auto;<\/p>\n<p>\u2013\u00a0Oficinas pr\u00f3prias para todo o tipo de servi\u00e7os auto;<\/p>\n<p>\u2013\u00a0Uma frota de\u00a0Reboques \/ Pronto socorro para transporte de\u00a0 todo o tipo de\u00a0viaturas e assist\u00eancia 24H;<\/p>\n<p>\u2013\u00a0Armaz\u00e9m de pe\u00e7as novas e usadas;<\/p>\n<p>\u2013 Servi\u00e7o de apoio p\u00f3s-venda completo.<\/p>\n<h3 style=\"text-align: right;\"><strong>Visite-nos e ficar\u00e1 cliente&#8230;<\/strong><\/h3>\n","protected":false},"excerpt":{"rendered":"<p>O STAND NITROCAR, foi criado e \u00e9 gerido pelo empres\u00e1rio Jos\u00e9 Pinto, que iniciou a [&hellip;]<\/p>\n","protected":false},"author":1,"featured_media":0,"parent":0,"menu_order":0,"comment_status":"open","ping_status":"open","template":"","meta":{"jetpack_post_was_ever_published":false,"_glsr_average":0,"_glsr_ranking":0,"_glsr_reviews":0,"footnotes":""},"class_list":["post-58","page","type-page","status-publish","hentry"],"jetpack_shortlink":"https:\/\/wp.me\/PaJDCZ-W","jetpack_sharing_enabled":true,"jetpack_likes_enabled":false,"_links":{"self":[{"href":"https:\/\/www.standnitrocar.com\/stand\/wp-json\/wp\/v2\/pages\/58","targetHints":{"allow":["GET"]}}],"collection":[{"href":"https:\/\/www.standnitrocar.com\/stand\/wp-json\/wp\/v2\/pages"}],"about":[{"href":"https:\/\/www.standnitrocar.com\/stand\/wp-json\/wp\/v2\/types\/page"}],"author":[{"embeddable":true,"href":"https:\/\/www.standnitrocar.com\/stand\/wp-json\/wp\/v2\/users\/1"}],"replies":[{"embeddable":true,"href":"https:\/\/www.standnitrocar.com\/stand\/wp-json\/wp\/v2\/comments?post=58"}],"version-history":[{"count":9,"href":"https:\/\/www.standnitrocar.com\/stand\/wp-json\/wp\/v2\/pages\/58\/revisions"}],"predecessor-version":[{"id":38009,"href":"https:\/\/www.standnitrocar.com\/stand\/wp-json\/wp\/v2\/pages\/58\/revisions\/38009"}],"wp:attachment":[{"href":"https:\/\/www.standnitrocar.com\/stand\/wp-json\/wp\/v2\/media?parent=58"}],"curies":[{"name":"wp","href":"https:\/\/api.w.org\/{rel}","templated":true}]}}